 is the remainder when 40 is divided by x/2 - 43/(-2)?
19
Suppose -4*h + 6*h = 52. Let u be 3/((-1)/4*3). Let c(m) = m**2 + 2*m + 6. Calculate the remainder when h is divided by c(u).
12
Let v be (1 + -1)*(-3)/(-6). Suppose -i = 3*t + 9, i + v*t = -t - 1. What is the remainder when i + -1 + 1 + 0 is divided by 2?
1
Suppose x + 5*k = -x + 3, 3*x + 3*k - 18 = 0. Let r(g) = 8*g - 6. Calculate the remainder when r(5) is divided by x.
7
Suppose -l - 3*i = 0, l - 2*i = -0*l + 10. Calculate the remainder when 7 is divided by l.
1
Calculate the remainder when -2 - 2 - (-228)/4 is divided by 28.
25
Suppose -3*s - 2*s + 290 = 0. Let w = 4 - 0. Suppose 2*l - l + 5*g = 5, 0 = -5*l + w*g + 83. What is the remainder when s is divided by l?
13
Let s(k) = -k**3 + 8*k**2 - 9*k - 2. What is the remainder when s(4) is divided by 9?
8
Suppose 5*u + 231 = 4*b + 61, 0 = -b + 5*u + 35. Let d(x) = 2*x - 6. Calculate the remainder when d(9) is divided by 9/b - 34/(-5).
5
Let x(b) = b**2 + 3*b + 5. Calculate the remainder when (-4)/(-6) + (-700)/(-12) is divided by x(-5).
14
Let h = 47 + -33. What is the remainder when 40 is divided by h?
12
Suppose 3*w + 27 = 3393. Let q be w/(-54) + (-4)/18. Let k = q + 60. What is the remainder when k is divided by 14?
11
Suppose 0*x = -x + 11. Suppose 0 = -5*m - 25, 2*m + 2*m - 26 = -2*a. Suppose 0 = 3*t + 12, a + 6 = z + 3*t. What is the remainder when z is divided by x?
8
Suppose -2*o + 3*k = -2*k + 140, -2*k = -8. Let v = 85 + o. Suppose -39 = -6*w + 3*w. Calculate the remainder when v is divided by w.
12
Let k(s) = s**3 + s + 55. Let q = -4 - -3. What is the remainder when k(0) is divided by q + 19 + (0 - -1)?
17
Let q(f) = -f - 2. Let c be q(-4). Let w = c - -8. Calculate the remainder when 14 is divided by (-48)/(-20)*w/3.
6
Suppose -145 = -s - 4*s + 2*a, -3*a = 2*s - 77. Let d = s - 19. Suppose 0*m - g + 102 = 3*m, -g = 0. What is the remainder when m is divided by d?
10
Let t = 70 + -62. Calculate the remainder when (-5)/2*-12 + -1 is divided by t.
5
Let v = 34 - 22. Let i = -28 - -61. What is the remainder when i/2*8/6 is divided by v?
10
Calculate the remainder when 20/4 + 6*2/4 is divided by 5.
3
Suppose 6*m = 9*m. Calculate the remainder when 31 is divided by (2 - m)*(-51)/(-6).
14
Suppose -6*r - 92 = -10*r. What is the remainder when 43 is divided by r?
20
Suppose -2*p - 2 = -8. Suppose -5*v = -3*k + 13, 0 = 3*k + 4*v + 3 - 52. Calculate the remainder when k is divided by p.
2
Let m be (-4)/(-5)*15/6. Let y(t) = 4*t - t**2 - 4 + 2*t + m*t. What is the remainder when 23 is divided by y(6)?
7
Let s(f) = f**3 - 6*f**2 - 4*f. Calculate the remainder when s(7) is divided by 12.
9
Let v = -12 - -13. Suppose -z + 27 = -m, v - 4 = 3*m. Calculate the remainder when z is divided by 7.
5
Suppose 6 = 7*h - 6*h. What is the remainder when 27 is divided by h?
3
Let u(w) = w**2 - 6*w + 5. Let g be u(5). Suppose -28 = -g*k - 4*k. Calculate the remainder when 12 is divided by k.
5
Let o be 3/(-2) - (-98)/4. Suppose 95 - o = 4*k. What is the remainder when 35 is divided by k?
17
Let i(p) = p**2 - 5*p + 4. Let f be i(3). What is the remainder when 5 is divided by 6*(3/(-2) - f)?
2
Let z = -77 - -24. Let x = z + 86. Calculate the remainder when x is divided by 17.
16
Suppose 2*t + 20 = 4*g, -6 = 2*t + t. Let y = -2 + g. What is the remainder when 5 is divided by y?
1
Suppose -34*a + 38*a = 92. Let i = 33 - 21. Suppose 2*f - 12 = i. Calculate the remainder when a is divided by f.
11
Let v be ((-570)/(-9))/((-2)/(-6)). Suppose v = 5*y - 0*y. Calculate the remainder when y is divided by 14 + (-1 - 1) + -2.
8
Suppose 3*x - 198 = -5*f, -5*f = 2*x + 2*x - 199. What is the remainder when (f/1)/(-2 - -3) is divided by 20?
19
Let h(a) = -5*a - 4. Calculate the remainder when 63 is divided by h(-4).
15
Let f(t) = -17*t - 29. Calculate the remainder when f(-8) is divided by 18.
17
Let j = 6 - 3. Suppose f + m - j*m - 11 = 0, 39 = f + 5*m. Calculate the remainder when f is divided by 8/36 + 61/9.
5
Let y(o) = 2*o + 3. Calculate the remainder when 5 is divided by y(0).
2
Let w be (-1 - -1) + 8 + -6. What is the remainder when 39 is divided by -3 + w - -10 - -1?
9
Suppose 3*v + 0*v - 2*z - 82 = 0, 0 = 2*v + z - 57. Calculate the remainder when 78 is divided by v.
22
Let a = -29 + 60. Suppose -3*f - f = 2*u - 40, -u = 3*f - a. What is the remainder when f is divided by 7?
4
Let n(a) = -a**3 - 4*a**2 + 7*a + 1. Calculate the remainder when n(-6) is divided by 17.
14
Suppose 5*i - 365 = 5*p, 27 = -5*i - 4*p + 401. What is the remainder when i is divided by 15?
14
Suppose -4 = -4*n + 4. Suppose 2 + 0 = n*r. What is the remainder when 2 is divided by r?
0
What is the remainder when 19 is divided by (-6)/(-1) + -2 - (15 + -15)?
3
Suppose -3*c + 4*s + 61 = -0*c, 3*s - 42 = -c. Let y = 39 - c. Let p = 47 - 13. Calculate the remainder when p is divided by y.
10
Let u be (84/15)/(2/15). What is the remainder when 1/(3/u*2) is divided by 3?
1
Let w = 61 - 32. Let o(g) = g**3 + 8*g**2 + 6. Calculate the remainder when o(-7) is divided by w.
26
Suppose -3*n = 2*n. Suppose n = v - 17 - 2. Suppose -6*d + w = -d - 46, 0 = 4*w - 16. Calculate the remainder when v is divided by d.
9
Let y(m) = m**2 - 2*m - 7. Let i = -21 + 6. Let x be 3/(21/i - -2). What is the remainder when 31 is divided by y(x)?
7
Suppose 0 = -3*a + 7*a - 100. Calculate the remainder when a is divided by 13.
12
Let t = -32 - -45. Let b = 0 + 38. What is the remainder when b is divided by t?
12
Let h(v) = v**2 + 4*v + 2. Let y be h(-3). Let u(k) = -45*k - 1. Let d(l) = l**3 + 6*l**2 + 3*l + 5. What is the remainder when u(y) is divided by d(-5)?
14
Let m be -1 - 1 - 2/(-2). What is the remainder when 27/12 + m/4 is divided by 2?
0
Suppose -k = -4*g + k, -3*g + 5*k - 14 = 0. Calculate the remainder when (-2 + -1)*(g - 12) is divided by 16.
14
What is the remainder when 69 is divided by 61/3 + 1/(-4 + 1)?
9
Let d = 3 + 9. Let s = -7 + 13. Calculate the remainder when d*4/((-16)/(-5)) is divided by s.
3
Let y = 15 + -5. What is the remainder when 46 is divided by y?
6
Suppose -4*d - 47 = -4*k - 15, 4*k + 3*d - 67 = 0. What is the remainder when 23 is divided by k?
10
Suppose -a + 3*v + 39 = 1, 5*a + v = 270. What is the remainder when a is divided by 6?
5
Let q = 45 + -13. What is the remainder when 93 is divided by q?
29
Suppose 0 = 3*u + 64 - 283. Calculate the remainder when u is divided by 19.
16
Let x(f) = f + 6. Suppose -3*w - w + 16 = 0. Calculate the remainder when x(0) is divided by w.
2
Let s = 71 - 109. What is the remainder when 55 is divided by (0 + s/(-8))*4?
17
Let s = 256 - 180. What is the remainder when s is divided by 26?
24
Let w = -131 + 273. What is the remainder when w is divided by 29?
26
Let i(f) = -3*f + 47. What is the remainder when i(0) is divided by 16?
15
Let w = 1 - -1. Suppose -c = w*c. Let m = 20 + c. What is the remainder when m is divided by 7?
6
Let b(f) = 7*f**2 + f - 2. Let l be b(3). Let y be 3/(-1)*20/(-30). Suppose -6*a + y*a = -l. Calculate the remainder when a is divided by 9.
7
Let q be (-9)/(-45) + 38/10. Let d(f) = 4*f - 5. What is the remainder when d(q) is divided by 4?
3
Let u(c) = c**2 - 3*c - 2. Let j = -144 - -206. Calculate the remainder when j is divided by u(6).
14
Let a(k) = -12*k - 7. Let y be a(-6). Suppose -2*j = 3*j - y. What is the remainder when 36 is divided by j?
10
Suppose -4*p + 3*y = -148, 2*y + 146 = 3*p + 35. Calculate the remainder when 181 is divided by p.
33
Let q(c) = -c**2 + 7*c - 3. Suppose 3*b + b = 24. Let v be q(b). Suppose -v*z + 64 = -62. What is the remainder when z is divided by 22?
20
Suppose 6*s - 72 = 24. What is the remainder when s is divided by 5?
1
Let n = -58 - -98. Suppose 2*p + 2*q - n = -3*p, p - 5 = -q. What is the remainder when (p/4)/(3/18) is divided by 4?
3
Let p be 45/(9/2 - 3). Let n = p - 9. What is the remainder when n is divided by 6?
3
Suppose -3*l + 2*l = -4, 4*o - 3*l = 48. Suppose -6*v + 42 = -8*v. What is the remainder when o is divided by (-6)/14 - 93/v?
3
What is the remainder when (-2)/(-3)*(-3)/2 - -75 is divided by 15?
14
Let l(n) = -n**2 - n + 70. Let r be l(0). Suppose 2*u - r = -2*s, 62 = 3*s - 3*u - 55. What is the remainder when s is divided by 10?
7
Suppose 2*r = -r + 12. What is t